r when 2909625 is divided by 389.
294
What is the remainder when 5391448 is divided by 2908?
16
Calculate the remainder when 8660951 is divided by 1184.
1175
Calculate the remainder when 6078664 is divided by 633.
598
Calculate the remainder when 3252529 is divided by 6390.
19
What is the remainder when 4771552 is divided by 2385764?
24
What is the remainder when 740143 is divided by 105?
103
What is the remainder when 3818080 is divided by 240?
160
Calculate the remainder when 1321926 is divided by 426.
48
Calculate the remainder when 5127 is divided by 527.
384
What is the remainder when 5518457 is divided by 124?
85
Calculate the remainder when 21746964 is divided by 6331.
6310
What is the remainder when 8956238 is divided by 814199?
49
Calculate the remainder when 1694108 is divided by 1693803.
305
Calculate the remainder when 3495665 is divided by 14938.
173
Calculate the remainder when 3410253 is divided by 1136747.
12
What is the remainder when 3819564 is divided by 3831?
57
What is the remainder when 32632 is divided by 1127?
1076
What is the remainder when 5973982 is divided by 6410?
6272
What is the remainder when 5954115 is divided by 661567?
12
Calculate the remainder when 337304 is divided by 5526.
218
What is the remainder when 504661 is divided by 376?
69
Calculate the remainder when 15853249 is divided by 2044.
2029
What is the remainder when 66730 is divided by 5557?
46
Calculate the remainder when 39511256 is divided by 7787.
18
What is the remainder when 392414 is divided by 626?
538
What is the remainder when 81834 is divided by 19?
1
What is the remainder when 8027206 is divided by 8027199?
7
Calculate the remainder when 321216 is divided by 339.
183
What is the remainder when 11271652 is divided by 289016?
28
What is the remainder when 13282440 is divided by 396?
204
What is the remainder when 1638106 is divided by 49?
36
What is the remainder when 19993822 is divided by 571250?
72
Calculate the remainder when 212086 is divided by 22351.
10927
Calculate the remainder when 64064267 is divided by 67083.
2
Calculate the remainder when 2599441 is divided by 127.
5
Calculate the remainder when 37617715 is divided by 30.
25
What is the remainder when 4597475 is divided by 26?
25
What is the remainder when 667856 is divided by 1055?
41
What is the remainder when 398555 is divided by 44231?
476
Calculate the remainder when 1717634 is divided by 14.
2
What is the remainder when 2543907 is divided by 198?
3
What is the remainder when 245422 is divided by 2?
0
What is the remainder when 55231 is divided by 53253?
1978
What is the remainder when 1364534 is divided by 3688?
3662
What is the remainder when 386950 is divided by 193444?
62
Calculate the remainder when 5395510 is divided by 452.
438
Calculate the remainder when 838139 is divided by 279327.
158
What is the remainder when 967005 is divided by 53722?
9
Calculate the remainder when 959348 is divided by 479673.
2
What is the remainder when 283843 is divided by 118?
53
Calculate the remainder when 108791 is divided by 12070.
161
What is the remainder when 1602931 is divided by 358?
165
What is the remainder when 255877 is divided by 127920?
37
What is the remainder when 7125123 is divided by 412?
407
What is the remainder when 12608398 is divided by 47759?
22
What is the remainder when 35800153 is divided by 1233?
1231
Calculate the remainder when 716040 is divided by 21.
3
Calculate the remainder when 9140331 is divided by 22078.
39
Calculate the remainder when 3778242 is divided by 31.
24
What is the remainder when 48219945 is divided by 37?
28
What is the remainder when 319739 is divided by 97?
27
Calculate the remainder when 5129814 is divided by 2090.
954
Calculate the remainder when 3959198 is divided by 1616.
1614
What is the remainder when 45801338 is divided by 4163752?
66
Calculate the remainder when 585651 is divided by 73190.
131
What is the remainder when 5754888 is divided by 821?
499
Calculate the remainder when 8387 is divided by 1666.
57
What is the remainder when 7343524 is divided by 146?
16
Calculate the remainder when 122226 is divided by 414.
96
What is the remainder when 22180139 is divided by 56?
51
What is the remainder when 1389026 is divided by 251?
243
Calculate the remainder when 111262190 is divided by 17.
12
What is the remainder when 8227218 is divided by 693?
615
Calculate the remainder when 4492112 is divided by 2885.
167
Calculate the remainder when 2398735 is divided by 72.
55
Calculate the remainder when 12830843 is divided by 12830799.
44
What is the remainder when 65034 is divided by 16243?
62
What is the remainder when 179729 is divided by 14?
11
Calculate the remainder when 4449197 is divided by 5948.
93
What is the remainder when 295655 is divided by 98393?
476
Calculate the remainder when 465885 is divided by 3126.
111
What is the remainder when 137081 is divided by 4282?
57
Calculate the remainder when 1815247 is divided by 415.
37
Calculate the remainder when 76858 is divided by 19206.
34
Calculate the remainder when 240651 is divided by 48084.
231
Calculate the remainder when 101525 is divided by 16891.
179
What is the remainder when 41911 is divided by 41763?
148
Calculate the remainder when 19721995 is divided by 77039.
11
Calculate the remainder when 32690 is divided by 7608.
2258
Calculate the remainder when 11914238 is divided by 154730.
28
What is the remainder when 33796829 is divided by 11265605?
14
What is the remainder when 49743 is divided by 9?
0
What is the remainder when 281619 is divided by 3434?
31
What is the remainder when 13204845 is divided by 398?
1
Calculate the remainder when 401399 is divided by 488.
263
Calculate the remainder when 17773174 is divided by 1231.
1227
Calculate the remainder when 3094882 is divided by 442.
440
Calculate the remainder when 195814 is divided by 4167.
4132
Calculate the remainder when 183299 is divided by 59455.
4934
What is the remainder when 171908 is divided by 174?
170
What is the remainder when 4303048 is divided by 1787?
1739
What is the remainder when 9346 is divided by 948?
814
What is the remainder when 670220 is divided by 67?
19
What is the remainder when 2213049 is divided by 737551?
396
What is the remainder when 1898600 is divided by 3159?
41
Calculate the remainder when 23406146 is divided by 718.
64
What is the remainder when 43995 is divided by 3132?
147
What is the remainder when 46874 is divided by 5476?
3066
What is the remainder when 12137527 is divided by 53?
50
Calculate the remainder when 18167534 is divided by 117971.
0
Calculate the remainder when 78498 is divided by 432.
306
Calculate the remainder when 7357830 is divided by 895.
35
Calculate the remainder when 452178 is divided by 8688.
402
What is the remainder when 3467293 is divided by 1155759?
16
Calculate the remainder when 1277293 is divided by 638606.
81
What is the remainder when 1732446 is divided by 288741?
0
Calculate the remainder when 24496144 is divided by 8165377.
13
What is the remainder when 7032829 is divided by 3516414?
1
What is the remainder when 39674255 is divided by 39674165?
90
What is the remainder when 4348865 is divided by 64908?
29
What is the remainder when 2403879 is divided by 480763?
64
Calculate the remainder when 1450889 is divided by 282.
281
Calculate the remainder when 637678 is divided by 4620.
118
Calculate the remainder when 110091 is divided by 247.
176
Calculate the remainder when 346019 is divided by 2048.
1955
Calculate the remainder when 2922483 is divided by 442.
421
Calculate the remainder when 5474634 is divided by 3255.
2979
Calculate the remainder when 5695559590 is divided by 24.
22
What is the remainder when 2646491 is divided by 130?
81
What is the remainder when 11315 is divided by 822?
629
Calculate the remainder when 68590 is divided by 6508.
3510
What is the remainder when 1781372 is divided by 31810?
12
What is the remainder when 3108280 is divided by 518046?
4
Calculate the remainder when 34583915 is divided by 11527968.
11
Calculate the remainder when 50082838 is divided by 790.
788
What is the remainder when 209442380 is divided by 209442375?
5
Calculate the remainder when 6712966 is divided by 372936.
118
What is the remainder when 6201